. Let s(d) be the second derivative of d**3/6 - d**2/2 + 3*d. Let l be s(3). What is n(l)?
-3
Let p(l) = 4*l**3 - 11*l**2 + 3*l**2 - 4*l + 5*l**2 + 3 - 3*l**3. Let a(m) = m + 1. Let q be a(0). Let w be (-1)/((4 - q)/(-9)). Give p(w).
-9
Let c(k) = 3*k + 484 - 485 - 4*k - k. Give c(1).
-3
Let f(i) be the third derivative of -i**7/420 - i**6/720 + i**5/120 + 25*i**4/24 - 10*i**2. Let m(b) be the second derivative of f(b). What is m(1)?
-6
Let y = -11 + 4. Let j(p) = p - 17183 + 17179 - p**2 - 8*p. Calculate j(y).
-4
Let o(h) = -h - 1. Let z(s) = -s**3 + 10*s**2 + 10*s + 7. Let c(b) = b**2 + b - 1. Let d(k) = c(k) + z(k). Let y be d(12). What is o(y)?
5
Suppose -2 = 4*y - 18. Let u(s) = 0 + 4*s + 3*s**2 + 2 - 4 + y. What is u(-2)?
6
Let u(s) = s**3 - 22. Suppose 0 = -10*v + 13*v. Give u(v).
-22
Let k(b) = b**2 - 12*b - 64. Let m be k(-4). Let o(y) = -y**2 + 2*y + 3. Determine o(m).
3
Let m(t) = -9*t**3 - 8*t**3 - 4 - 3 + 10*t**2 - 6*t + 18*t**3. Let p(r) = r**3 + 9*r**2 - 5*r - 6. Let y(l) = -5*m(l) + 6*p(l). Determine y(-2).
7
Let x(t) = t**3 + 7*t**2 + 7*t + 10. Let o be (-840)/147 + 6/(-21). Determine x(o).
4
Let f(n) = -n + 4. Suppose -12 = -5*w + 7*a - 9*a, -w - a = 0. Determine f(w).
0
Let c(i) be the third derivative of 0*i - 1/60*i**5 - 2/3*i**3 + 1/6*i**4 + 0 + 41*i**2. What is c(4)?
-4
Suppose 2*s - 4 = -2*d, 0*s = d - 4*s - 7. Let c(h) = 2*h**2 - 19 - 12 + 29 - 3*h. What is c(d)?
7
Let b = 5 - 1. Let n be ((-5)/b)/((-2)/8). Let w(h) = 2*h**2 + 6*h + 1. Let v(c) = 3*c**2 + 6*c + 1. Let i(q) = 3*v(q) - 4*w(q). Give i(n).
-6
Let w be -1*0/(3 - 2). Let i(f) = -f**2. Let z(c) = 7*c**2 + c - 3. Let p(d) = -6*i(d) - z(d). What is p(w)?
3
Let z(o) = -10*o - 4. Let j be z(-2). Suppose -4*a - 4*s - j = 0, 3*a - 3*s + 20 = 2*a. Let h(u) = u + 5. Calculate h(a).
-3
Let p(a) be the first derivative of a**4/4 + 14*a**3/3 + 6*a**2 - 3*a - 346. Calculate p(-13).
10
Let h(d) be the first derivative of d**2/2 + 3*d + 1. Let k(u) = -873*u - 2621. Let r be k(-3). Calculate h(r).
1
Let r be 0 - (5 - (5 - 1)). Suppose -3*x - 4 = x, 26 = 5*p + 4*x. Let d = r + p. Let k(n) = -n**2 + 6*n - 1. Calculate k(d).
4
Let g(c) = 14*c - 7. Let u(k) = -14*k + 8. Let r(t) = -7*g(t) - 6*u(t). Give r(1).
-13
Suppose -h + 21 = 5. Suppose -f + 20 = 3*d, -4*f - 1 = -d - h. Let g(x) = 7*x + 8*x**2 + 1 + 0 - 9*x**2. Give g(d).
11
Let b(g) = -7*g - 9. Let n be b(-2). Let c(r) = r**2 + 2*r + 7 + n - 15. Determine c(-3).
0
Let z(g) = 1. Let c(p) be the third derivative of -p**5/15 - p**4/8 + p**3/3 - 8*p**2. Let r(b) = -c(b) - z(b). Give r(2).
19
Let i(w) = w**2 + w + 7. Let q(n) = -8*n + 1 - 2*n**2 + 0*n + 6*n - 12. Let a(y) = -8*i(y) - 5*q(y). Let z(d) = -d**3 + 5*d**2 - 2. Let f be z(5). What is a(f)?
3
Let v(x) = -2 - 91*x**2 + 93*x**2 + 5*x + 1 + 0. Calculate v(-4).
11
Let j be 6/(-4)*8/(-2). Let c(y) = -3*y**3 - 10*y**2 + 9*y - 2. Let t(g) = 4*g**3 + 11*g**2 - 11*g + 1. Let n(q) = 5*c(q) + 4*t(q). What is n(j)?
0
Let p(d) = -45 + 11 - 3*d + 25 - d**2 - 4*d. Determine p(-5).
1
Let s(d) = d**2 - 6*d + 5. Suppose -5*f = -f - 32. Suppose f = -o - 6. Let t be (-2)/o + 216/56. What is s(t)?
-3
Let o(l) = -l**2 + 29*l - 118. Let h be o(24). Let c(j) be the first derivative of h + 1/2*j**2 - j + 7/4*j**4 + 1/3*j**3. Determine c(1).
8
Let n(a) be the third derivative of a**4/4 + 25*a**3/6 - 183*a**2. Give n(-5).
-5
Let g(p) = 14*p - p**2 - 12*p - 19*p - 3 + 13*p. Suppose 12 = -3*f + 4*y, 5 = -f - 4*y + 1. What is g(f)?
-3
Let y(r) = r + 4. Let h(l) = -15*l - 14. Let w be h(-4). Let f = w - 51. Calculate y(f).
-1
Let h(y) = 2*y**3 - 7*y**2 + y + 1. Let o be h(3). Let b(i) = 2*i + 11. Let z(d) = 4*d + 23. Let u(w) = o*b(w) + 2*z(w). What is u(-8)?
7
Let n(o) = 10*o - 5. Let y(p) = -6. Let a(v) = n(v) - 2*y(v). What is a(-4)?
-33
Let b be 1/(-2)*(7/(-7) + -3). Let i(f) = -11*f**2 + 2*f**b + f + 11*f**2 + 1. Give i(-2).
7
Let y(l) be the third derivative of l**4/8 + l**3/3 - 2*l**2. Suppose -m + 3*w - 6 = -6*m, 4 = -3*m + 2*w. Suppose -2*b + m = -4. Calculate y(b).
8
Let v(i) be the first derivative of i**3/3 - i**2 - i + 16. Let g be v(0). Let c(m) = 4*m**2 + m. Calculate c(g).
3
Let b be ((-14)/4)/((-2)/4). Let t(i) be the first derivative of i**3/3 - 4*i**2 + 2*i + 4. What is t(b)?
-5
Let x be -3*25/(-15) + 0. Let t(d) = 2*d + 4. Let c(m) = 3*m + 5. Let z(n) = 4*c(n) - 5*t(n). Determine z(x).
10
Let i(b) be the third derivative of b**4/24 - 23*b**3/6 - b**2 + 8. What is i(13)?
-10
Suppose 0 = -n - 3*n - 380. Let b = 88 + n. Let g(o) = -o**3 - 7*o**2 + 6*o + 8. Calculate g(b).
-34
Let c be (-3)/2 - 170/68. Let v(o) = -o**2 - 8*o - 10. What is v(c)?
6
Suppose -w = -4*w - 6, -4*y + w + 22 = 0. Suppose 5*k + 29 = -u + 2*u, -y*u = -5*k - 65. Let t(o) = 8 - 6*o + 14*o - u*o. Calculate t(0).
8
Let d(p) = 6*p**2 - 29*p - 7. Let j(w) = -7*w**2 + 36*w + 9. Let i(t) = -6*d(t) - 5*j(t). Determine i(-6).
-3
Let h = -1781/60 - -119/4. Let x(r) be the third derivative of 0 + 0*r + 5*r**2 - 1/120*r**6 + h*r**5 - 2/3*r**3 - 1/12*r**4. Give x(3).
-1
Let b(x) = 12*x - 563. Let j be b(46). Let m(f) = -f**2 - 18*f - 16. Give m(j).
61
Let m(b) = b**2 + 9*b - 1. Let s(o) be the third derivative of -o**4/24 - 3*o**2. Let x(f) = -m(f) - 4*s(f). Determine x(-6).
-5
Let p = 190 - 195. Let b(a) = 5*a**2 - 91*a + 1 - a**2 + 87*a + a**3. Calculate b(p).
-4
Let i be (0/(3*(-5)/15))/(-1). Let g(f) = -f**2 - f - 5. What is g(i)?
-5
Suppose u + 2 - 7 = 0. Let z(o) = 6*o - 45 + 45 - 2*o**2. Calculate z(u).
-20
Let i be 42/7 + -13 + 10. Let c(p) = -p**2 + 2*p + 6. Give c(i).
3
Let g(j) = -2 + 6*j + 3*j + 24*j**3 - 4*j - 25*j**3 + 2*j**2. Let q(x) = -x**3 + 5*x**2 - 5*x + 2. Let s be q(3). Let a = s - 2. Calculate g(a).
4
Let w(a) = 15904*a**2 - 7956*a**2 + 2 + 12*a - 7951*a**2. Calculate w(6).
-34
Let f(i) be the second derivative of 1/2*i**3 + 0 - 41*i - 1/2*i**2. Determine f(-7).
-22
Let w(v) be the third derivative of 1/60*v**5 + 0*v + 4/3*v**3 + 1/3*v**4 - 3*v**2 + 0. Suppose 0*q - 2*q - 4*d = 12, -4*d = -3*q - 18. Determine w(q).
-4
Suppose 5*d + 29 = -3*w, -d + 16 = -4*w - 2*d. Let l(s) be the second derivative of -5*s**3/6 - s**2/2 - 62*s. Determine l(w).
14
Let q(w) = w - 4*w - 2*w + 3*w - 4. Let r(l) = -2*l - 4. Let k(s) = 6*q(s) - 5*r(s). Give k(-3).
2
Let p(l) be the third derivative of l**5/60 + 13*l**4/24 + l**3/2 - 6*l**2. Let y be p(-13). Let w be (-8)/((y - 2)*2). Let m(r) = 2*r - 2. Calculate m(w).
-10
Let x(r) = -r + 33. Let c be x(26). Let h(g) = 0 + 3*g**2 - c + 4*g**2 - 52*g**3 + 51*g**3. What is h(7)?
-7
Suppose 4*y = -y + 10. Let h(i) be the third derivative of 0*i + 3*i**2 + 1/3*i**3 + 0 - 1/24*i**4. Determine h(y).
0
Let o(v) be the third derivative of 1/8*v**4 + 0*v - 1/12*v**5 - 1/120*v**6 + 0 + 7/6*v**3 - v**2. Let h(b) = 3*b + 16. Let n be h(-7). Give o(n).
-8
Suppose b - 70 = 3*l + 6, -4*l = 2*b + 118. Let o be 6/l + 87/27. Let p(m) be the first derivative of -3*m**2/2 + 2*m + 3. What is p(o)?
-7
Let s(p) = -2*p. Suppose -28 + 8 = 2*n. Let k = 14 + n. Determine s(k).
-8
Let z(s) = 9*s**3 + 23*s**2 - s - 5. Let m(a) = 25*a**3 + 66*a**2 - 3*a - 16. Let d(y) = -4*m(y) + 11*z(y). What is d(-11)?
-2
Suppose -1 = -3*f + 2. Suppose -15 = -s - 4*s. Let q(l) = -s + f - l - 5. What is q(0)?
-7
Let r(o) = -o**3 - 10*o**2 - 8. Let v(j) = j**3 - j**2 + 6. Let f(t) = r(t) + 2*v(t). What is f(12)?
4
Let m = -58 - -51. Let x be m + 5/(25/15). Let a(p) = -p**3 - 3*p**2 + 3*p - 5. What is a(x)?
-1
Let g(p) = -p**3 + 33*p**2 - 63*p + 36. Let c be g(31). Let n(t) = -t**2 + 6*t + 2. Let w(r) = 3*r**2 - 18*r - 6. Let h(u) = -7*n(u) - 2*w(u). Determine h(c).
-7
Let z(m) be the first derivative of m**3/3 - 5*m**2 - 6*m - 77. Give z(8).
-22
Let n = 425 - 418. Let q(j) = 2*j + 8. Calculate q(n).
22
Let n be 10/(-7 - 113) - (-46)/(-24). Let a(y) = -2*y**3 + 2*y + 4. Determine a(n).
16
Let s = -3 + 3. Let g(i) = -4 + s*i + 0*i + i. Suppose 133 - 139 = -3*m. Determine g(m).
-2
Let c(u) = 0 + 0 - 2*u - 3 + 0*u**2 + 2*u**2. Determine c(-2).
9
Let t(z) be the third derivative of -z**6/120 + z**4/24 - z**3/3 + 123*z**2. Determine t(-3).
22
Let r(i) be the third derivative of i**7/2520 - i**6/240 + 17*i**4/24 + 12*i**2. Let u(n) be the second derivative of r(n). What is u(4)?
4
Let m = -23 + 29. Let n(q) = -m*q + 1 + 0